t is the units digit of (4/(-3))/((-4)/264)?
8
Suppose 0 = -0*r + r + 4. Let i(q) = -q**3 - 3*q**2 + 4*q + 5. Let j be i(r). Suppose -j*u + 6*u = 19. What is the units digit of u?
9
Suppose -7*s + 169 = -3*s + l, -3 = -3*l. What is the tens digit of s?
4
Let l = 5 + -3. Let w = 4 + l. What is the units digit of w?
6
Let s = -15 - -24. Let b(t) = t**2 - 9*t + 5. Let f be b(s). Suppose f*n = -3*v - 0*v + 30, -2*v = n + 1. What is the units digit of n?
9
Let j be 1*-2 + 2 + -11. Let b = 11 - j. Let k = b - 11. What is the tens digit of k?
1
Let b(t) = 24*t**2 + 1. Let k be b(1). Suppose 0 = -2*z + k + 11. What is the units digit of z?
8
Let t = 552 + -356. What is the units digit of t?
6
Suppose 0 = -b - 2*b + 9. Suppose 2*d + 3*g = 13, 16 = 3*d - b*g - 26. What is the tens digit of d?
1
Let q be -3 + (0 - (1 + -1)). What is the tens digit of (q/(-2))/((-2)/(-16))?
1
Let k = -174 + 348. What is the hundreds digit of k?
1
Suppose 3 = 5*y - 22. Suppose -y*i + 44 = -16. What is the units digit of i?
2
Let f = -8 - -6. Let p(a) = -2 + 4*a + a**2 + 2*a**2 + 5. What is the units digit of p(f)?
7
Let g be (-1)/(1 - 16/17). What is the tens digit of (0 + 2 - g) + -1?
1
Let z = -39 - -182. What is the units digit of z?
3
Let i = 15 + -5. Suppose 7*k = 6*k + i. Suppose 4*u = 2*u + k. What is the units digit of u?
5
Let y(g) = -g**3 + 7*g**2 - 3*g - 7. Let k be y(5). Suppose 5*l - k = 17. Let z = l - 4. What is the units digit of z?
5
Let k(i) be the first derivative of i**7/840 - i**6/45 + 7*i**4/24 + 2*i**3/3 + 2. Let c(o) be the third derivative of k(o). What is the units digit of c(8)?
7
Let s = 23 - 20. Let o(z) = z. Let u be o(5). Suppose -q + 2*l = u, -s*l + l = -10. What is the units digit of q?
5
Let n = -47 + -3. Let h = n + 72. What is the tens digit of h?
2
Let g(l) = -l**3 + 10*l**2 - 2*l - 11. What is the tens digit of g(5)?
0
Let p be (1/(-3)*0)/(-1). Suppose p = -3*c + 6*c. Suppose c*y = y - 6. What is the units digit of y?
6
What is the hundreds digit of (-10)/(-20)*(-1 - (-393 - 0))?
1
Let s(n) = 9*n**2 + 3*n - 4. What is the tens digit of s(-2)?
2
Let k(t) = 2*t + 6. What is the tens digit of k(6)?
1
Suppose 2*t + 3*t = -25. Let c = t - -7. Suppose -k + 5 = 5*s, 3 = c*s + s + 5*k. What is the units digit of s?
1
Let u = -3 + 10. Suppose -5*m = -52 + u. What is the units digit of m?
9
Let q(j) = 2*j**2 + 11*j - 3. Let b be q(-6). Suppose 8*k - 4*k - 2 = 5*a, a = -2*k + 8. Suppose -b*t = -a - 37. What is the tens digit of t?
1
Let w be (1 - (0 + 2))*-1. Suppose -y - w = -0. Let b = y + 4. What is the units digit of b?
3
Let k(i) = 3*i**2 + 5. What is the tens digit of k(2)?
1
Let t(b) = b**3 + 5*b**2 + 5*b + 4. Let w be t(-4). Let z be (-1)/((-3)/21) + w. Let r = z - 0. What is the units digit of r?
7
Suppose 2*q + 2 = 6. Let m(b) = b**3 + b. What is the tens digit of m(q)?
1
Let r(q) = q**3 - 6*q**2 - 3*q + 6. What is the hundreds digit of r(9)?
2
Let v be (1 - (-2)/2) + -1. Let h = v + 0. What is the units digit of 3/h*(-14)/(-6)?
7
What is the units digit of (-1 - -1 - -3) + 4?
7
Let c be ((-5)/(-2))/((-6)/24). Let z = -1 - c. Let j(n) = n**3 - 8*n**2 - 8*n + 3. What is the units digit of j(z)?
2
Suppose -u + 17 = -q, -7*u + 2*u - 2*q = -92. Let k = 7 + u. What is the tens digit of k?
2
Let w be (1 - 15) + -3 + 6. Let q(f) = -f**3 - 12*f**2 - 12*f + 11. What is the tens digit of q(w)?
2
Suppose 2*j - 8 = 5*w - 0*j, 0 = w + 4*j + 6. Suppose -3*v = -v - 6. What is the units digit of v/(-3) - 10/w?
4
Suppose 7*n - 503 = 36. What is the tens digit of n?
7
Let a = 26 - -31. Let h = a + -21. What is the units digit of h?
6
Let m be -2 + (4 - 4/4). Let a(g) = 7*g**2 + g. What is the units digit of a(m)?
8
Let v be ((-5 - -3) + -11)*1. Let k = v - -19. What is the units digit of k?
6
Suppose -11 - 7 = s. Let q = 40 + 0. Let i = q + s. What is the units digit of i?
2
Suppose -2*d + 3 = -1. Suppose -4*g + 7*g + 9 = d*y, -4*y + g + 13 = 0. What is the units digit of y?
3
Let m be (-366)/(-42) + 2/7. Suppose 3*q = u + 81, q = u + m + 20. What is the units digit of q?
6
Let a(v) = -v**3 + 10*v**2 + 10*v - 11. Let r be a(10). Suppose 5*b - 3*k + k = r, -36 = -2*b + k. What is the tens digit of b?
1
Let t be (-6)/5*(-20)/(-6). Let l be 30/t*(-2)/3. Suppose -5*f - l*i - 1 = -f, -4*f + 2*i + 6 = 0. What is the units digit of f?
1
Let f(y) = 4*y - 10 + y - 3*y. What is the units digit of f(7)?
4
Let l = -6 + 10. Let t = -2 + l. Suppose -4*m + 12 = 3*b + m, 3*m - 9 = -t*b. What is the units digit of b?
9
Suppose -45 = -3*f + 3*b, b + 30 = 2*f - 2*b. What is the units digit of f?
5
Let o(x) be the first derivative of x**2 - 7*x + 3. Let u be o(6). Suppose 5*y - 31 = 4*w, 0 = -u*y - 2*w + 3*w + 34. What is the units digit of y?
7
What is the tens digit of (-7)/(6/4 - 2)?
1
What is the units digit of 5/((-10)/(-96)) - 2?
6
Let f(v) = v**2 - v + 8. Suppose -i - 10 = -5*c, 25 = 3*c + 2*c + 2*i. Let m be (-1 + c + -2)/(-1). What is the units digit of f(m)?
8
Suppose s - 2*g - 304 = -3*s, 2*g - 312 = -4*s. What is the units digit of s?
7
Let p(i) = i**2 - 7*i - 19. What is the units digit of p(10)?
1
Let c = -4 - -2. What is the units digit of -1*(c - 5)/1?
7
Suppose -32 = -4*a - 0*a - 4*t, t = 3*a - 24. Let f be 5/7 - a/(-28). Suppose 4*b = 5*o + f, 4*b + 3*o + 14 - 39 = 0. What is the units digit of b?
4
Suppose -4*o = -10*o + 24. What is the units digit of o?
4
Let j = -112 - -240. What is the units digit of j?
8
Suppose -2*p - 50 = -2*w, w - 5*p + 99 = 4*w. What is the tens digit of w?
2
Let x(i) = i**3 + 14*i**2 + 17*i - 16. What is the units digit of x(-12)?
8
Let d = 28 + -44. Let v be ((-5)/(-2))/((-2)/4). Let n = v - d. What is the tens digit of n?
1
Let h = 55 + -19. What is the tens digit of h?
3
Suppose -8*s = -13*s + 330. What is the tens digit of s?
6
Suppose 4*n - 9 = 15. Let h(m) = m + 4. What is the tens digit of h(n)?
1
Suppose 5*o - 61 = -1. Suppose 5*w - o = 43. What is the tens digit of w?
1
Suppose 2*i = 3*i - 2. Suppose -3*x = -5*f - 98, 30 = 3*x - i*x - f. What is the tens digit of x?
2
Let f(i) = 1 - 2 + 3 - i. Let l be f(3). Let z = l - -4. What is the units digit of z?
3
What is the tens digit of (103/2 - -2)/((-1)/(-2))?
0
Let d(i) = 5*i + 4. What is the units digit of d(3)?
9
Let t = -26 + 17. Let z = -1 + t. What is the units digit of z/(-5)*1/2?
1
Suppose -5*a = -1335 - 750. What is the units digit of a?
7
Suppose -36 = 3*o - 6*o. What is the tens digit of o?
1
Suppose -2*g - 5*m = 2*g + 5, 0 = 4*g + 2*m - 10. Suppose -5*a + 3*i + 46 = 0, -2*a - a = g*i - 14. What is the units digit of a?
8
Suppose -6*z + 2*z = -264. What is the units digit of 0 - -3 - z/(-6)?
4
Let p(b) = -36*b + 2. What is the units digit of p(-2)?
4
Let o be (-74)/(-14) - (-4)/(-14). Suppose -3*n + 27 = -h + 4*h, -15 = n - 5*h. Suppose -n*q = -o*u - 50, 5*u - 3 = -2*q + 10. What is the units digit of q?
9
Suppose 27 = 2*a + 5*v, -93 = -0*a - 4*a + 3*v. Suppose -3*q - a + 75 = 0. What is the tens digit of q?
1
Let v be (60/(-75))/((-4)/50). Suppose q - v = -3. What is the units digit of q?
7
Let p(c) be the second derivative of -4*c**3/3 - 3*c**2/2 - 5*c. What is the units digit of p(-3)?
1
Suppose 0 = -2*b + 4*w + 8, 2*w - w + 65 = 5*b. Let z = b + -3. What is the tens digit of z?
1
Let m = -1 - -3. What is the units digit of m/(-4) + 11/2?
5
Suppose x = 19 + 20. Let a = x + -24. What is the tens digit of a?
1
What is the tens digit of 6/(-9) - 136/(-6)?
2
Let j(t) = -15*t**2 + 9*t**2 + 5*t**2 - 1 - 3*t. Suppose -n - 5 = 4*n. What is the units digit of j(n)?
1
Suppose -4*z - 35 = -x, x = 2*z - 1 + 20. What is the units digit of 104/39*(-6)/z?
2
Let x = -34 + 63. What is the units digit of x?
9
Let v = 6 + 23. What is the tens digit of v?
2
Let o(r) be the second derivative of -5*r**3/6 + 7*r**2/2 - 4*r. What is the units digit of o(-4)?
7
Suppose 2*c = c - 3. What is the units digit of (-20)/(-15) - (-1)/c?
1
Let i = 137 - -233. What is the hundreds digit of i?
3
Let d(y) be the first derivative of y**4/4 + 10*y**3/3 + 9*y**2/2 + 13*y + 1. What is the units digit of d(-9)?
3
Let h = -7 - -7. Suppose h = f - 5, 0*f + 20 = 2*m - 2*f. Suppose 6*b + m = 2*j + b, -b = -3. What is the tens digit of j?
1
Suppose 0 = v - 0*v - 1. What is the units digit of 2/2*(2 + 